{"id":65,"date":"2020-01-11T20:14:06","date_gmt":"2020-01-11T20:14:06","guid":{"rendered":"http:\/\/buendnis-hund.de\/?page_id=65"},"modified":"2020-02-21T09:06:17","modified_gmt":"2020-02-21T09:06:17","slug":"meine-hunde","status":"publish","type":"page","link":"https:\/\/buendnis-hund.de\/?page_id=65","title":{"rendered":"Meine Hunde"},"content":{"rendered":"<h6><\/h6>\n<p>&nbsp;<\/p>\n<h6><img loading=\"lazy\" decoding=\"async\" class=\" wp-image-292 aligncenter\" src=\"http:\/\/buendnis-hund.de\/wp-content\/uploads\/2020\/01\/IMG_0250-1-300x200.jpg\" alt=\"\" width=\"621\" height=\"414\" srcset=\"https:\/\/buendnis-hund.de\/wp-content\/uploads\/2020\/01\/IMG_0250-1-300x200.jpg 300w, https:\/\/buendnis-hund.de\/wp-content\/uploads\/2020\/01\/IMG_0250-1-768x512.jpg 768w, https:\/\/buendnis-hund.de\/wp-content\/uploads\/2020\/01\/IMG_0250-1.jpg 960w\" sizes=\"(max-width: 621px) 100vw, 621px\" \/><\/h6>\n<h6><\/h6>\n<p>&nbsp;<\/p>\n<p>&nbsp;<\/p>\n<h6><\/h6>\n<h6><strong>&#8218;Daju&#8216; vom Rabenhorst<br \/>\n<\/strong><\/h6>\n<p>(* geb. 04.03.2013)<\/p>\n<p><img loading=\"lazy\" decoding=\"async\" class=\"wp-image-665 aligncenter\" src=\"http:\/\/buendnis-hund.de\/wp-content\/uploads\/2020\/01\/IMG_2-300x200.png\" alt=\"\" width=\"336\" height=\"224\" srcset=\"https:\/\/buendnis-hund.de\/wp-content\/uploads\/2020\/01\/IMG_2-300x200.png 300w, https:\/\/buendnis-hund.de\/wp-content\/uploads\/2020\/01\/IMG_2-768x512.png 768w, https:\/\/buendnis-hund.de\/wp-content\/uploads\/2020\/01\/IMG_2.png 960w\" sizes=\"(max-width: 336px) 100vw, 336px\" \/><\/p>\n<p>. . . und dann kam &#8218;Daju&#8216;!<\/p>\n<p>Ein kleiner irrer, frecher, wilder und unb\u00e4ndiger Rotzl\u00f6ffel, der unser Leben anfangs schon ziemlich auf den Kopf stellte. Die ersten zwei Jahre waren nicht unbedingt leicht und teilweise auch anstrengend und turbulent.<\/p>\n<p>Daju ist selbstbewusst, immer hellwach und ihr entgeht einfach nichts. <img loading=\"lazy\" decoding=\"async\" class=\" wp-image-946 alignright\" src=\"http:\/\/buendnis-hund.de\/wp-content\/uploads\/2020\/01\/IMG_0457-191x300.jpg\" alt=\"\" width=\"217\" height=\"341\" srcset=\"https:\/\/buendnis-hund.de\/wp-content\/uploads\/2020\/01\/IMG_0457-191x300.jpg 191w, https:\/\/buendnis-hund.de\/wp-content\/uploads\/2020\/01\/IMG_0457-652x1024.jpg 652w, https:\/\/buendnis-hund.de\/wp-content\/uploads\/2020\/01\/IMG_0457-768x1207.jpg 768w, https:\/\/buendnis-hund.de\/wp-content\/uploads\/2020\/01\/IMG_0457-978x1536.jpg 978w, https:\/\/buendnis-hund.de\/wp-content\/uploads\/2020\/01\/IMG_0457-1304x2048.jpg 1304w, https:\/\/buendnis-hund.de\/wp-content\/uploads\/2020\/01\/IMG_0457-1140x1791.jpg 1140w, https:\/\/buendnis-hund.de\/wp-content\/uploads\/2020\/01\/IMG_0457.jpg 1497w\" sizes=\"(max-width: 217px) 100vw, 217px\" \/>Ihre Energie und das starke Temperament gekonnt in die richtigen Bahnen zu leiten, war schon eine Herausforderung und so k\u00e4mpften wir leider des \u00d6fteren auch gegeneinander an.<\/p>\n<p>Trotz so einiger grauen Haare und wenn mich manche ihrer Eigenschaften (impulsiv und sozial nicht mit allem kompatibel) schon einige Nerven gekostet haben, h\u00e4tte ich mir einen besseren Lehrmeister als diesen Hund nicht vorstellen k\u00f6nnen.<\/p>\n<p>Ich liebe diesen Hund und genie\u00dfe nat\u00fcrlich besonders ihren extremen Willen zu arbeiten. Daju ist ein Powerpaket, das gefordert und gef\u00f6rdert werden m\u00f6chte und immer 1000 % gibt. Sie ist bei allem, was wir zusammen machen, ob Obedience, Longieren, usw., hochmotiviert und mit Leib und Seele dabei. Zu Hause schmust und kuschelt sie f\u00fcr ihr Leben gern und ist total entspannt und ruhig \u2013 aber auch sehr wachsam.<\/p>\n<p>Ich bin sehr gl\u00fccklich \u00fcber diesen Hund und seine unheimlich positive Entwicklung, denn mittlerweile haben wir einen geeigneten gemeinsamen Weg gefunden. Jeden Tag wachsen wir intensiver als verl\u00e4ssliches Team zusammen und ich bin gespannt, was im\u00a0Leben noch so alles auf uns wartet!<\/p>\n<p>&nbsp;<\/p>\n<p><img loading=\"lazy\" decoding=\"async\" class=\" wp-image-864 aligncenter\" src=\"http:\/\/buendnis-hund.de\/wp-content\/uploads\/2020\/01\/IMG_1135-300x223.jpg\" alt=\"\" width=\"430\" height=\"320\" srcset=\"https:\/\/buendnis-hund.de\/wp-content\/uploads\/2020\/01\/IMG_1135-300x223.jpg 300w, https:\/\/buendnis-hund.de\/wp-content\/uploads\/2020\/01\/IMG_1135-1024x761.jpg 1024w, https:\/\/buendnis-hund.de\/wp-content\/uploads\/2020\/01\/IMG_1135-768x571.jpg 768w, https:\/\/buendnis-hund.de\/wp-content\/uploads\/2020\/01\/IMG_1135-1536x1142.jpg 1536w, https:\/\/buendnis-hund.de\/wp-content\/uploads\/2020\/01\/IMG_1135-2048x1522.jpg 2048w, https:\/\/buendnis-hund.de\/wp-content\/uploads\/2020\/01\/IMG_1135-1140x847.jpg 1140w\" sizes=\"(max-width: 430px) 100vw, 430px\" \/><\/p>\n<p>&nbsp;<\/p>\n<p>&nbsp;<\/p>\n<h4><\/h4>\n<h6><strong>&#8218;Isha&#8216; Donna von den Gl\u00fccksb\u00e4rchen<\/strong><\/h6>\n<p>(* geb. 07.03.2015)<\/p>\n<p><img loading=\"lazy\" decoding=\"async\" class=\"wp-image-686 aligncenter\" src=\"http:\/\/buendnis-hund.de\/wp-content\/uploads\/2020\/01\/DSC02365-1-300x198.jpg\" alt=\"\" width=\"335\" height=\"221\" srcset=\"https:\/\/buendnis-hund.de\/wp-content\/uploads\/2020\/01\/DSC02365-1-300x198.jpg 300w, https:\/\/buendnis-hund.de\/wp-content\/uploads\/2020\/01\/DSC02365-1-1024x675.jpg 1024w, https:\/\/buendnis-hund.de\/wp-content\/uploads\/2020\/01\/DSC02365-1-768x506.jpg 768w, https:\/\/buendnis-hund.de\/wp-content\/uploads\/2020\/01\/DSC02365-1-1536x1013.jpg 1536w, https:\/\/buendnis-hund.de\/wp-content\/uploads\/2020\/01\/DSC02365-1-2048x1350.jpg 2048w, https:\/\/buendnis-hund.de\/wp-content\/uploads\/2020\/01\/DSC02365-1-1140x752.jpg 1140w, https:\/\/buendnis-hund.de\/wp-content\/uploads\/2020\/01\/DSC02365-1-500x330.jpg 500w\" sizes=\"(max-width: 335px) 100vw, 335px\" \/><\/p>\n<p>Meine Isha &#8211; ist genau der Collie, den ich mir von Herzen gew\u00fcnscht habe! Sie \u00fcbertrifft mit all ihren wunderbaren Facetten definitiv meine Erwartungen und ist wie Zucker.<img loading=\"lazy\" decoding=\"async\" class=\" wp-image-966 alignright\" src=\"http:\/\/buendnis-hund.de\/wp-content\/uploads\/2020\/01\/IMG_0131-200x300.jpg\" alt=\"\" width=\"219\" height=\"329\" srcset=\"https:\/\/buendnis-hund.de\/wp-content\/uploads\/2020\/01\/IMG_0131-200x300.jpg 200w, https:\/\/buendnis-hund.de\/wp-content\/uploads\/2020\/01\/IMG_0131.jpg 640w\" sizes=\"(max-width: 219px) 100vw, 219px\" \/><\/p>\n<p>Ein bisschen frech, will laufend das letzte Wort haben, brummelig gespr\u00e4chig, ein kleiner Sturkopf, aber zudem auch unheimlich witzig, sehr agil, manchmal wild, kreativ und vor allem stets motiviert und voller Freude.<\/p>\n<p>Sie ist leichtf\u00fchrig und macht einfach nur Spa\u00df!\u00a0Sie lernt unheimlich schnell, ist blitzgescheit und unglaublich aufmerksam und konzentriert. Ob beim Agility, Obedience oder Longieren, sie will gefallen und alles richtig machen. Meine Maus ist wirklich f\u00fcr jede Aktion zu haben und bringt mich Tag f\u00fcr Tag erneut zum Lachen.<\/p>\n<p>Neuem gegen\u00fcber zeigt sie sich total aufgeschlossen, erstaunlich interessiert und ist zu allem und jedem nur freundlich.\u00a0Mit ihr habe ich absolut das passende Gegenst\u00fcck zu meiner Daju gefunden.<\/p>\n<p>&nbsp;<\/p>\n<p><img loading=\"lazy\" decoding=\"async\" class=\" wp-image-974 aligncenter\" src=\"http:\/\/buendnis-hund.de\/wp-content\/uploads\/2020\/01\/IMG_0605-255x300.jpg\" alt=\"\" width=\"322\" height=\"379\" srcset=\"https:\/\/buendnis-hund.de\/wp-content\/uploads\/2020\/01\/IMG_0605-255x300.jpg 255w, https:\/\/buendnis-hund.de\/wp-content\/uploads\/2020\/01\/IMG_0605.jpg 640w\" sizes=\"(max-width: 322px) 100vw, 322px\" \/><\/p>\n<p>&nbsp;<\/p>\n<p style=\"text-align: center;\">___________________________________________________________________<\/p>\n<p>&nbsp;<\/p>\n","protected":false},"excerpt":{"rendered":"<p>&nbsp; &nbsp; &nbsp; &#8218;Daju&#8216; vom Rabenhorst (* geb. 04.03.2013) . . . und dann kam &#8218;Daju&#8216;! Ein kleiner irrer, frecher, wilder und unb\u00e4ndiger Rotzl\u00f6ffel, der unser Leben anfangs schon ziemlich auf den Kopf stellte. Die ersten zwei Jahre waren nicht unbedingt leicht und teilweise auch anstrengend und turbulent. Daju ist selbstbewusst, immer hellwach und ihr entgeht einfach nichts. Ihre Energie und das starke Temperament gekonnt in die richtigen Bahnen zu leiten, war schon eine Herausforderung und so k\u00e4mpften wir leider des \u00d6fteren auch gegeneinander an. Trotz so einiger grauen Haare und wenn mich manche ihrer Eigenschaften (impulsiv und sozial nicht mit allem kompatibel) schon einige Nerven gekostet haben, h\u00e4tte ich mir einen besseren Lehrmeister als diesen Hund nicht vorstellen k\u00f6nnen. Ich liebe diesen Hund und genie\u00dfe nat\u00fcrlich besonders ihren extremen Willen zu arbeiten. Daju ist ein Powerpaket, das gefordert und gef\u00f6rdert werden m\u00f6chte und immer 1000 % gibt. Sie ist bei allem, was wir zusammen machen, ob Obedience, Longieren, usw., hochmotiviert und mit Leib und Seele dabei. Zu Hause schmust und kuschelt sie f\u00fcr ihr Leben gern und ist total entspannt und ruhig \u2013 aber auch sehr wachsam. Ich bin sehr gl\u00fccklich \u00fcber diesen Hund und seine unheimlich positive Entwicklung, denn mittlerweile haben wir einen geeigneten gemeinsamen Weg gefunden. Jeden Tag wachsen wir intensiver als verl\u00e4ssliches Team zusammen und ich bin gespannt, was im\u00a0Leben noch so alles auf uns wartet! &nbsp; &nbsp; &nbsp; &#8218;Isha&#8216; Donna von den Gl\u00fccksb\u00e4rchen (* geb. 07.03.2015) Meine Isha &#8211; ist genau der Collie, den ich mir von Herzen gew\u00fcnscht habe! Sie \u00fcbertrifft mit all ihren wunderbaren Facetten definitiv meine Erwartungen und ist wie Zucker. Ein bisschen frech, will laufend das letzte Wort haben, brummelig gespr\u00e4chig, ein kleiner Sturkopf, aber zudem auch unheimlich witzig, sehr agil, manchmal wild, kreativ und vor allem stets motiviert und voller Freude. Sie ist leichtf\u00fchrig und macht einfach nur Spa\u00df!\u00a0Sie lernt unheimlich schnell, ist blitzgescheit und unglaublich aufmerksam und konzentriert. Ob beim Agility, Obedience oder Longieren, sie will gefallen und alles richtig machen. Meine Maus ist wirklich f\u00fcr jede Aktion zu haben und bringt mich Tag f\u00fcr Tag erneut zum Lachen. Neuem gegen\u00fcber zeigt sie sich total aufgeschlossen, erstaunlich interessiert und ist zu allem und jedem nur freundlich.\u00a0Mit ihr habe ich absolut das passende Gegenst\u00fcck zu meiner Daju gefunden. &nbsp; &nbsp; ___________________________________________________________________ &nbsp;<\/p>\n","protected":false},"author":1,"featured_media":0,"parent":0,"menu_order":0,"comment_status":"closed","ping_status":"closed","template":"","meta":{"footnotes":""},"yoast_head":"<!-- This site is optimized with the Yoast SEO plugin v21.9.1 - https:\/\/yoast.com\/wordpress\/plugins\/seo\/ -->\n<title>Meine Hunde - B\u00fcndnis Hund<\/title>\n<meta name=\"robots\" content=\"index, follow, max-snippet:-1, max-image-preview:large, max-video-preview:-1\" \/>\n<link rel=\"canonical\" href=\"https:\/\/buendnis-hund.de\/?page_id=65\" \/>\n<meta property=\"og:locale\" content=\"de_DE\" \/>\n<meta property=\"og:type\" content=\"article\" \/>\n<meta property=\"og:title\" content=\"Meine Hunde - B\u00fcndnis Hund\" \/>\n<meta property=\"og:description\" content=\"&nbsp; &nbsp; &nbsp; &#8218;Daju&#8216; vom Rabenhorst (* geb. 04.03.2013) . . . und dann kam &#8218;Daju&#8216;! Ein kleiner irrer, frecher, wilder und unb\u00e4ndiger Rotzl\u00f6ffel, der unser Leben anfangs schon ziemlich auf den Kopf stellte. Die ersten zwei Jahre waren nicht unbedingt leicht und teilweise auch anstrengend und turbulent. Daju ist selbstbewusst, immer hellwach und ihr entgeht einfach nichts. Ihre Energie und das starke Temperament gekonnt in die richtigen Bahnen zu leiten, war schon eine Herausforderung und so k\u00e4mpften wir leider des \u00d6fteren auch gegeneinander an. Trotz so einiger grauen Haare und wenn mich manche ihrer Eigenschaften (impulsiv und sozial nicht mit allem kompatibel) schon einige Nerven gekostet haben, h\u00e4tte ich mir einen besseren Lehrmeister als diesen Hund nicht vorstellen k\u00f6nnen. Ich liebe diesen Hund und genie\u00dfe nat\u00fcrlich besonders ihren extremen Willen zu arbeiten. Daju ist ein Powerpaket, das gefordert und gef\u00f6rdert werden m\u00f6chte und immer 1000 % gibt. Sie ist bei allem, was wir zusammen machen, ob Obedience, Longieren, usw., hochmotiviert und mit Leib und Seele dabei. Zu Hause schmust und kuschelt sie f\u00fcr ihr Leben gern und ist total entspannt und ruhig \u2013 aber auch sehr wachsam. Ich bin sehr gl\u00fccklich \u00fcber diesen Hund und seine unheimlich positive Entwicklung, denn mittlerweile haben wir einen geeigneten gemeinsamen Weg gefunden. Jeden Tag wachsen wir intensiver als verl\u00e4ssliches Team zusammen und ich bin gespannt, was im\u00a0Leben noch so alles auf uns wartet! &nbsp; &nbsp; &nbsp; &#8218;Isha&#8216; Donna von den Gl\u00fccksb\u00e4rchen (* geb. 07.03.2015) Meine Isha &#8211; ist genau der Collie, den ich mir von Herzen gew\u00fcnscht habe! Sie \u00fcbertrifft mit all ihren wunderbaren Facetten definitiv meine Erwartungen und ist wie Zucker. Ein bisschen frech, will laufend das letzte Wort haben, brummelig gespr\u00e4chig, ein kleiner Sturkopf, aber zudem auch unheimlich witzig, sehr agil, manchmal wild, kreativ und vor allem stets motiviert und voller Freude. Sie ist leichtf\u00fchrig und macht einfach nur Spa\u00df!\u00a0Sie lernt unheimlich schnell, ist blitzgescheit und unglaublich aufmerksam und konzentriert. Ob beim Agility, Obedience oder Longieren, sie will gefallen und alles richtig machen. Meine Maus ist wirklich f\u00fcr jede Aktion zu haben und bringt mich Tag f\u00fcr Tag erneut zum Lachen. Neuem gegen\u00fcber zeigt sie sich total aufgeschlossen, erstaunlich interessiert und ist zu allem und jedem nur freundlich.\u00a0Mit ihr habe ich absolut das passende Gegenst\u00fcck zu meiner Daju gefunden. &nbsp; &nbsp; ___________________________________________________________________ &nbsp;\" \/>\n<meta property=\"og:url\" content=\"https:\/\/buendnis-hund.de\/?page_id=65\" \/>\n<meta property=\"og:site_name\" content=\"B\u00fcndnis Hund\" \/>\n<meta property=\"article:modified_time\" content=\"2020-02-21T09:06:17+00:00\" \/>\n<meta property=\"og:image\" content=\"http:\/\/buendnis-hund.de\/wp-content\/uploads\/2020\/01\/IMG_0250-1-300x200.jpg\" \/>\n<meta name=\"twitter:card\" content=\"summary_large_image\" \/>\n<meta name=\"twitter:label1\" content=\"Gesch\u00e4tzte Lesezeit\" \/>\n\t<meta name=\"twitter:data1\" content=\"2\u00a0Minuten\" \/>\n<script type=\"application\/ld+json\" class=\"yoast-schema-graph\">{\"@context\":\"https:\/\/schema.org\",\"@graph\":[{\"@type\":\"WebPage\",\"@id\":\"https:\/\/buendnis-hund.de\/?page_id=65\",\"url\":\"https:\/\/buendnis-hund.de\/?page_id=65\",\"name\":\"Meine Hunde - B\u00fcndnis Hund\",\"isPartOf\":{\"@id\":\"https:\/\/buendnis-hund.de\/#website\"},\"datePublished\":\"2020-01-11T20:14:06+00:00\",\"dateModified\":\"2020-02-21T09:06:17+00:00\",\"breadcrumb\":{\"@id\":\"https:\/\/buendnis-hund.de\/?page_id=65#breadcrumb\"},\"inLanguage\":\"de\",\"potentialAction\":[{\"@type\":\"ReadAction\",\"target\":[\"https:\/\/buendnis-hund.de\/?page_id=65\"]}]},{\"@type\":\"BreadcrumbList\",\"@id\":\"https:\/\/buendnis-hund.de\/?page_id=65#breadcrumb\",\"itemListElement\":[{\"@type\":\"ListItem\",\"position\":1,\"name\":\"Startseite\",\"item\":\"https:\/\/buendnis-hund.de\/\"},{\"@type\":\"ListItem\",\"position\":2,\"name\":\"Meine Hunde\"}]},{\"@type\":\"WebSite\",\"@id\":\"https:\/\/buendnis-hund.de\/#website\",\"url\":\"https:\/\/buendnis-hund.de\/\",\"name\":\"B\u00fcndnis Hund\",\"description\":\"\",\"potentialAction\":[{\"@type\":\"SearchAction\",\"target\":{\"@type\":\"EntryPoint\",\"urlTemplate\":\"https:\/\/buendnis-hund.de\/?s={search_term_string}\"},\"query-input\":\"required name=search_term_string\"}],\"inLanguage\":\"de\"}]}<\/script>\n<!-- \/ Yoast SEO plugin. -->","yoast_head_json":{"title":"Meine Hunde - B\u00fcndnis Hund","robots":{"index":"index","follow":"follow","max-snippet":"max-snippet:-1","max-image-preview":"max-image-preview:large","max-video-preview":"max-video-preview:-1"},"canonical":"https:\/\/buendnis-hund.de\/?page_id=65","og_locale":"de_DE","og_type":"article","og_title":"Meine Hunde - B\u00fcndnis Hund","og_description":"&nbsp; &nbsp; &nbsp; &#8218;Daju&#8216; vom Rabenhorst (* geb. 04.03.2013) . . . und dann kam &#8218;Daju&#8216;! Ein kleiner irrer, frecher, wilder und unb\u00e4ndiger Rotzl\u00f6ffel, der unser Leben anfangs schon ziemlich auf den Kopf stellte. Die ersten zwei Jahre waren nicht unbedingt leicht und teilweise auch anstrengend und turbulent. Daju ist selbstbewusst, immer hellwach und ihr entgeht einfach nichts. Ihre Energie und das starke Temperament gekonnt in die richtigen Bahnen zu leiten, war schon eine Herausforderung und so k\u00e4mpften wir leider des \u00d6fteren auch gegeneinander an. Trotz so einiger grauen Haare und wenn mich manche ihrer Eigenschaften (impulsiv und sozial nicht mit allem kompatibel) schon einige Nerven gekostet haben, h\u00e4tte ich mir einen besseren Lehrmeister als diesen Hund nicht vorstellen k\u00f6nnen. Ich liebe diesen Hund und genie\u00dfe nat\u00fcrlich besonders ihren extremen Willen zu arbeiten. Daju ist ein Powerpaket, das gefordert und gef\u00f6rdert werden m\u00f6chte und immer 1000 % gibt. Sie ist bei allem, was wir zusammen machen, ob Obedience, Longieren, usw., hochmotiviert und mit Leib und Seele dabei. Zu Hause schmust und kuschelt sie f\u00fcr ihr Leben gern und ist total entspannt und ruhig \u2013 aber auch sehr wachsam. Ich bin sehr gl\u00fccklich \u00fcber diesen Hund und seine unheimlich positive Entwicklung, denn mittlerweile haben wir einen geeigneten gemeinsamen Weg gefunden. Jeden Tag wachsen wir intensiver als verl\u00e4ssliches Team zusammen und ich bin gespannt, was im\u00a0Leben noch so alles auf uns wartet! &nbsp; &nbsp; &nbsp; &#8218;Isha&#8216; Donna von den Gl\u00fccksb\u00e4rchen (* geb. 07.03.2015) Meine Isha &#8211; ist genau der Collie, den ich mir von Herzen gew\u00fcnscht habe! Sie \u00fcbertrifft mit all ihren wunderbaren Facetten definitiv meine Erwartungen und ist wie Zucker. Ein bisschen frech, will laufend das letzte Wort haben, brummelig gespr\u00e4chig, ein kleiner Sturkopf, aber zudem auch unheimlich witzig, sehr agil, manchmal wild, kreativ und vor allem stets motiviert und voller Freude. Sie ist leichtf\u00fchrig und macht einfach nur Spa\u00df!\u00a0Sie lernt unheimlich schnell, ist blitzgescheit und unglaublich aufmerksam und konzentriert. Ob beim Agility, Obedience oder Longieren, sie will gefallen und alles richtig machen. Meine Maus ist wirklich f\u00fcr jede Aktion zu haben und bringt mich Tag f\u00fcr Tag erneut zum Lachen. Neuem gegen\u00fcber zeigt sie sich total aufgeschlossen, erstaunlich interessiert und ist zu allem und jedem nur freundlich.\u00a0Mit ihr habe ich absolut das passende Gegenst\u00fcck zu meiner Daju gefunden. &nbsp; &nbsp; ___________________________________________________________________ &nbsp;","og_url":"https:\/\/buendnis-hund.de\/?page_id=65","og_site_name":"B\u00fcndnis Hund","article_modified_time":"2020-02-21T09:06:17+00:00","og_image":[{"url":"http:\/\/buendnis-hund.de\/wp-content\/uploads\/2020\/01\/IMG_0250-1-300x200.jpg"}],"twitter_card":"summary_large_image","twitter_misc":{"Gesch\u00e4tzte Lesezeit":"2\u00a0Minuten"},"schema":{"@context":"https:\/\/schema.org","@graph":[{"@type":"WebPage","@id":"https:\/\/buendnis-hund.de\/?page_id=65","url":"https:\/\/buendnis-hund.de\/?page_id=65","name":"Meine Hunde - B\u00fcndnis Hund","isPartOf":{"@id":"https:\/\/buendnis-hund.de\/#website"},"datePublished":"2020-01-11T20:14:06+00:00","dateModified":"2020-02-21T09:06:17+00:00","breadcrumb":{"@id":"https:\/\/buendnis-hund.de\/?page_id=65#breadcrumb"},"inLanguage":"de","potentialAction":[{"@type":"ReadAction","target":["https:\/\/buendnis-hund.de\/?page_id=65"]}]},{"@type":"BreadcrumbList","@id":"https:\/\/buendnis-hund.de\/?page_id=65#breadcrumb","itemListElement":[{"@type":"ListItem","position":1,"name":"Startseite","item":"https:\/\/buendnis-hund.de\/"},{"@type":"ListItem","position":2,"name":"Meine Hunde"}]},{"@type":"WebSite","@id":"https:\/\/buendnis-hund.de\/#website","url":"https:\/\/buendnis-hund.de\/","name":"B\u00fcndnis Hund","description":"","potentialAction":[{"@type":"SearchAction","target":{"@type":"EntryPoint","urlTemplate":"https:\/\/buendnis-hund.de\/?s={search_term_string}"},"query-input":"required name=search_term_string"}],"inLanguage":"de"}]}},"acf":[],"_links":{"self":[{"href":"https:\/\/buendnis-hund.de\/index.php?rest_route=\/wp\/v2\/pages\/65"}],"collection":[{"href":"https:\/\/buendnis-hund.de\/index.php?rest_route=\/wp\/v2\/pages"}],"about":[{"href":"https:\/\/buendnis-hund.de\/index.php?rest_route=\/wp\/v2\/types\/page"}],"author":[{"embeddable":true,"href":"https:\/\/buendnis-hund.de\/index.php?rest_route=\/wp\/v2\/users\/1"}],"replies":[{"embeddable":true,"href":"https:\/\/buendnis-hund.de\/index.php?rest_route=%2Fwp%2Fv2%2Fcomments&post=65"}],"version-history":[{"count":69,"href":"https:\/\/buendnis-hund.de\/index.php?rest_route=\/wp\/v2\/pages\/65\/revisions"}],"predecessor-version":[{"id":1858,"href":"https:\/\/buendnis-hund.de\/index.php?rest_route=\/wp\/v2\/pages\/65\/revisions\/1858"}],"wp:attachment":[{"href":"https:\/\/buendnis-hund.de\/index.php?rest_route=%2Fwp%2Fv2%2Fmedia&parent=65"}],"curies":[{"name":"wp","href":"https:\/\/api.w.org\/{rel}","templated":true}]}}