{"id":27,"date":"2020-01-11T20:02:09","date_gmt":"2020-01-11T20:02:09","guid":{"rendered":"http:\/\/buendnis-hund.de\/?page_id=27"},"modified":"2020-05-14T19:13:18","modified_gmt":"2020-05-14T19:13:18","slug":"meine-philosophie-und-arbeitsweise","status":"publish","type":"page","link":"https:\/\/buendnis-hund.de\/?page_id=27","title":{"rendered":"Meine Philosophie und Arbeitsweise"},"content":{"rendered":"<p>&nbsp;<\/p>\n<h6 style=\"text-align: center;\"><strong>Wenn aus Leidenschaft . . . \u00a0<\/strong><strong>Berufung wird!<\/strong><\/h6>\n<p>&nbsp;<\/p>\n<p style=\"text-align: center;\">Pers\u00f6nlich ist es mir ein sehr gro\u00dfes Anliegen, fundiertes und vielseitiges Wissen<\/p>\n<p style=\"text-align: center;\">an meine Trainingsteilnehmer weiterzugeben, damit jeder die Entwicklung eigener Wege<\/p>\n<p style=\"text-align: center;\">in der Arbeitsweise und dem Umgang mit seinem Hund f\u00fcr sich erkennen kann<\/p>\n<p style=\"text-align: center;\">und das Training vor allem sinnvoll, fair und respektvoll gestalten lernt.<span class=\"Apple-converted-space\">\u00a0<\/span><\/p>\n<p>&nbsp;<\/p>\n<p style=\"text-align: center;\">Denn je passender ein Training auf die individuellen Ziele und Bed\u00fcrfnisse aller Beteiligten \u2013<\/p>\n<p style=\"text-align: center;\">also auf Mensch und Hund \u2013 zugeschnitten ist, desto nachhaltiger ist seine Wirkung!<\/p>\n<p>&nbsp;<\/p>\n<p style=\"text-align: center;\"><img loading=\"lazy\" decoding=\"async\" class=\"wp-image-1707 aligncenter\" src=\"http:\/\/buendnis-hund.de\/wp-content\/uploads\/2020\/02\/Genie-gro\u00df-300x131.png\" alt=\"\" width=\"690\" height=\"301\" srcset=\"https:\/\/buendnis-hund.de\/wp-content\/uploads\/2020\/02\/Genie-gro\u00df-300x131.png 300w, https:\/\/buendnis-hund.de\/wp-content\/uploads\/2020\/02\/Genie-gro\u00df-1024x448.png 1024w, https:\/\/buendnis-hund.de\/wp-content\/uploads\/2020\/02\/Genie-gro\u00df-768x336.png 768w, https:\/\/buendnis-hund.de\/wp-content\/uploads\/2020\/02\/Genie-gro\u00df-1140x498.png 1140w, https:\/\/buendnis-hund.de\/wp-content\/uploads\/2020\/02\/Genie-gro\u00df.png 1224w\" sizes=\"(max-width: 690px) 100vw, 690px\" \/><\/p>\n<p>&nbsp;<\/p>\n<p style=\"text-align: center;\">Meine Erfahrungen in der Arbeit mit Mensch und Hund seit 2005 haben mich gelehrt,<\/p>\n<p style=\"text-align: center;\">dass es den einen richtigen Weg nicht gibt!\u00a0Aus diesem Grund bilde ich mich regelm\u00e4\u00dfig<\/p>\n<p style=\"text-align: center;\">bei verschiedenen Vortr\u00e4gen, Workshops und anerkannten Fachseminaren weiter, bin offen f\u00fcr<\/p>\n<p style=\"text-align: center;\">neue und andere Wege und versuche immer wieder auch \u00fcber meinen eigenen Tellerrand zu schauen.<span class=\"Apple-converted-space\">\u00a0<\/span><\/p>\n<p>&nbsp;<\/p>\n<p style=\"text-align: center;\">Nur dies erm\u00f6glicht es mir, bei der Begleitung der unterschiedlichsten\u00a0Mensch-Hund-Teams\u00a0flexibel,<\/p>\n<p style=\"text-align: center;\">individuell und ganzheitlich auf\u00a0die Bed\u00fcrfnisse einzugehen\u00a0und f\u00fcr jedes Team einen<\/p>\n<p style=\"text-align: center;\">eigenen gewinnbringenden Trainingsweg zu finden.<span class=\"Apple-converted-space\">\u00a0<\/span><\/p>\n<p>&nbsp;<\/p>\n<p style=\"text-align: center;\">Da nicht nur verschiedene Hundetypen, sondern ebenso die\u00a0unterschiedlichsten menschlichen\u00a0Charaktere<\/p>\n<p style=\"text-align: center;\">bei mir trainieren,\u00a0arbeite ich immer mit verschiedenen Trainingsans\u00e4tzen,\u00a0die angepasst an das jeweilige Team<\/p>\n<p style=\"text-align: center;\">diverse L\u00f6sungsm\u00f6glichkeiten\u00a0oder auch m\u00f6gliches Problemverhalten aufzeigen.<span class=\"Apple-converted-space\">\u00a0<\/span><\/p>\n<p>&nbsp;<\/p>\n<p style=\"text-align: center;\">In den letzten Jahren habe ich dabei immer wieder festgestellt, dass es aber neben all\u00a0der Vermittlung des<\/p>\n<p style=\"text-align: center;\">n\u00f6tigen Grundverst\u00e4ndnisses von Verhalten und K\u00f6rpersprache,\u00a0der Technik sowie dem richtigen Timing \u2013<\/p>\n<p style=\"text-align: center;\">besonders auf die bewussten und unbewussten\u00a0Signale zwischen Mensch und Hund ankommt.<span class=\"Apple-converted-space\">\u00a0<\/span><\/p>\n<p>&nbsp;<\/p>\n<p>&nbsp;<\/p>\n<p style=\"text-align: center;\">Gerade das Erkennung und Beobachten dieser Signale ist unerl\u00e4sslich\u00a0beim klaren Aufbau einer<\/p>\n<p style=\"text-align: center;\">verst\u00e4ndlichen und verl\u00e4sslichen Kommunikation,\u00a0die auf Sicherheit und gegenseitigem Vertrauen basiert.<span class=\"Apple-converted-space\">\u00a0<\/span><\/p>\n<p>&nbsp;<\/p>\n<p style=\"text-align: left;\">\u00a0 \u00a0 \u00a0 \u00a0 \u00a0 \u00a0 \u00a0 \u00a0 \u00a0 \u00a0 \u00a0 \u00a0 \u00a0 \u00a0 \u00a0 \u00a0 \u00a0 \u00a0 \u00a0 \u00a0 \u00a0 \u00a0 \u00a0 \u00a0 \u00a0 \u00a0 \u00a0 \u00a0 \u00a0 Denn:<\/p>\n<p style=\"text-align: center;\"><em>&#8218;Wer einen feinf\u00fchligen und aufmerksamen Hund haben m\u00f6chte,<\/em><\/p>\n<p style=\"text-align: center;\"><em>der muss selbst feinf\u00fchlig und aufmerksam mit ihm umgehen!&#8216;<\/em><\/p>\n<p>&nbsp;<\/p>\n<p style=\"text-align: center;\">Wenn der Menschen also wahrnimmt, dass er auch Emotionen, Gef\u00fchle, Einstellungen<\/p>\n<p style=\"text-align: center;\">und Absichten \u00fcber diesen Austausch mit seinem Hund beeinflussen und steuern kann,<\/p>\n<p style=\"text-align: center;\">dann entsteht eine unsichtbare Dynamik, die oftmals ganz entscheidend f\u00fcr Ver\u00e4nderung ist.<span class=\"Apple-converted-space\">\u00a0<\/span><\/p>\n<p>&nbsp;<\/p>\n<p style=\"text-align: center;\">Aus diesem Grund ist es mir unheimlich wichtig, dass der Menschen den Hund<\/p>\n<p style=\"text-align: center;\">mit all seinen Facetten und Wesensz\u00fcgen kennen und lesen lernt<\/p>\n<p style=\"text-align: center;\">und ihm dadurch eine sinnvolle und effektive Arbeitsweise sowie ein<\/p>\n<p style=\"text-align: center;\">harmonischer und artgerechter Umgang mit seinem Vierbeiner vermittelt werden kann.<span class=\"Apple-converted-space\">\u00a0<\/span><\/p>\n<p>&nbsp;<\/p>\n<p style=\"text-align: center;\">Denn wenn wir wollen, dass uns unser Hund sein ganzes Potenzial schenkt,<\/p>\n<p style=\"text-align: center;\">dann m\u00fcssen wir auch Raum f\u00fcr Pers\u00f6nlichkeit, Freiheit und Vertrauen schaffen<\/p>\n<p style=\"text-align: center;\">und dieses nicht nur in einen angepassten Rahmen pressen,<\/p>\n<p style=\"text-align: center;\">sondern es vor allem verantwortlich leiten und f\u00fchren lernen.<span class=\"Apple-converted-space\">\u00a0<\/span><\/p>\n<p>&nbsp;<\/p>\n<p style=\"text-align: center;\">Im Vordergrund steht hier ein stabiles soziales Fundament,<\/p>\n<p style=\"text-align: center;\">welches die Basis f\u00fcr eine gute Beziehung und sichere Bindung zwischen Mensch und Hund<\/p>\n<p style=\"text-align: center;\">bildet und Grundvoraussetzung f\u00fcr ein entspanntes und erfolgreiches Miteinander ist.<span class=\"Apple-converted-space\">\u00a0<\/span><\/p>\n<p>&nbsp;<\/p>\n<p style=\"text-align: center;\">Zus\u00e4tzlich soll gemeinsames Training beiden Seiten Spa\u00df machen und<\/p>\n<p style=\"text-align: center;\">aus zwei Individuen ein Team formen, welches sich gegenseitig vertraut und versteht.<\/p>\n<p style=\"text-align: center;\">Ziel sind lernfreudige, zufriedene und vor allem ausgeglichene Hunde und ihre Menschen!<\/p>\n<p>&nbsp;<\/p>\n<p style=\"text-align: center;\">In meinen Trainingsstunden, den Workshops und den Seminaren<\/p>\n<p style=\"text-align: center;\">gehe ich daher individuell und ganzheitlich auf die jeweiligen rassespezifischen Besonderheiten,<\/p>\n<p style=\"text-align: center;\">den Ausbildungsstand sowie die Bed\u00fcrfnisse der verschiedenen Mensch-Hund-Teams ein,<\/p>\n<p style=\"text-align: center;\">und hole jeden Einzelnen dort ab, wo er gerade mit seinem Hund steht.<\/p>\n<p>&nbsp;<\/p>\n<p style=\"text-align: center;\">Ich biete Fachkompetenz gepaart mit Herz, Gef\u00fchl und Empathie aus einer Hand\u2026<\/p>\n<p style=\"text-align: center;\">und begleite Sie und Ihren Hund gerne auf Ihrem ganz pers\u00f6nlichen Weg!<\/p>\n<p>&nbsp;<\/p>\n<p style=\"text-align: center;\">______________________________________________________________________________________________<\/p>\n<p>&nbsp;<\/p>\n","protected":false},"excerpt":{"rendered":"<p>&nbsp; Wenn aus Leidenschaft . . . \u00a0Berufung wird! &nbsp; Pers\u00f6nlich ist es mir ein sehr gro\u00dfes Anliegen, fundiertes und vielseitiges Wissen an meine Trainingsteilnehmer weiterzugeben, damit jeder die Entwicklung eigener Wege in der Arbeitsweise und dem Umgang mit seinem Hund f\u00fcr sich erkennen kann und das Training vor allem sinnvoll, fair und respektvoll gestalten lernt.\u00a0 &nbsp; Denn je passender ein Training auf die individuellen Ziele und Bed\u00fcrfnisse aller Beteiligten \u2013 also auf Mensch und Hund \u2013 zugeschnitten ist, desto nachhaltiger ist seine Wirkung! &nbsp; &nbsp; Meine Erfahrungen in der Arbeit mit Mensch und Hund seit 2005 haben mich gelehrt, dass es den einen richtigen Weg nicht gibt!\u00a0Aus diesem Grund bilde ich mich regelm\u00e4\u00dfig bei verschiedenen Vortr\u00e4gen, Workshops und anerkannten Fachseminaren weiter, bin offen f\u00fcr neue und andere Wege und versuche immer wieder auch \u00fcber meinen eigenen Tellerrand zu schauen.\u00a0 &nbsp; Nur dies erm\u00f6glicht es mir, bei der Begleitung der unterschiedlichsten\u00a0Mensch-Hund-Teams\u00a0flexibel, individuell und ganzheitlich auf\u00a0die Bed\u00fcrfnisse einzugehen\u00a0und f\u00fcr jedes Team einen eigenen gewinnbringenden Trainingsweg zu finden.\u00a0 &nbsp; Da nicht nur verschiedene Hundetypen, sondern ebenso die\u00a0unterschiedlichsten menschlichen\u00a0Charaktere bei mir trainieren,\u00a0arbeite ich immer mit verschiedenen Trainingsans\u00e4tzen,\u00a0die angepasst an das jeweilige Team diverse L\u00f6sungsm\u00f6glichkeiten\u00a0oder auch m\u00f6gliches Problemverhalten aufzeigen.\u00a0 &nbsp; In den letzten Jahren habe ich dabei immer wieder festgestellt, dass es aber neben all\u00a0der Vermittlung des n\u00f6tigen Grundverst\u00e4ndnisses von Verhalten und K\u00f6rpersprache,\u00a0der Technik sowie dem richtigen Timing \u2013 besonders auf die bewussten und unbewussten\u00a0Signale zwischen Mensch und Hund ankommt.\u00a0 &nbsp; &nbsp; Gerade das Erkennung und Beobachten dieser Signale ist unerl\u00e4sslich\u00a0beim klaren Aufbau einer verst\u00e4ndlichen und verl\u00e4sslichen Kommunikation,\u00a0die auf Sicherheit und gegenseitigem Vertrauen basiert.\u00a0 &nbsp; \u00a0 \u00a0 \u00a0 \u00a0 \u00a0 \u00a0 \u00a0 \u00a0 \u00a0 \u00a0 \u00a0 \u00a0 \u00a0 \u00a0 \u00a0 \u00a0 \u00a0 \u00a0 \u00a0 \u00a0 \u00a0 \u00a0 \u00a0 \u00a0 \u00a0 \u00a0 \u00a0 \u00a0 \u00a0 Denn: &#8218;Wer einen feinf\u00fchligen und aufmerksamen Hund haben m\u00f6chte, der muss selbst feinf\u00fchlig und aufmerksam mit ihm umgehen!&#8216; &nbsp; Wenn der Menschen also wahrnimmt, dass er auch Emotionen, Gef\u00fchle, Einstellungen und Absichten \u00fcber diesen Austausch mit seinem Hund beeinflussen und steuern kann, dann entsteht eine unsichtbare Dynamik, die oftmals ganz entscheidend f\u00fcr Ver\u00e4nderung ist.\u00a0 &nbsp; Aus diesem Grund ist es mir unheimlich wichtig, dass der Menschen den Hund mit all seinen Facetten und Wesensz\u00fcgen kennen und lesen lernt und ihm dadurch eine sinnvolle und effektive Arbeitsweise sowie ein harmonischer und artgerechter Umgang mit seinem Vierbeiner vermittelt werden kann.\u00a0 &nbsp; Denn wenn wir wollen, dass uns unser Hund sein ganzes Potenzial schenkt, dann m\u00fcssen wir auch Raum f\u00fcr Pers\u00f6nlichkeit, Freiheit und Vertrauen schaffen und dieses nicht nur in einen angepassten Rahmen pressen, sondern es vor allem verantwortlich leiten und f\u00fchren lernen.\u00a0 &nbsp; Im Vordergrund steht hier ein stabiles soziales Fundament, welches die Basis f\u00fcr eine gute Beziehung und sichere Bindung zwischen Mensch und Hund bildet und Grundvoraussetzung f\u00fcr ein entspanntes und erfolgreiches Miteinander ist.\u00a0 &nbsp; Zus\u00e4tzlich soll gemeinsames Training beiden Seiten Spa\u00df machen und aus zwei Individuen ein Team formen, welches sich gegenseitig vertraut und versteht. Ziel sind lernfreudige, zufriedene und vor allem ausgeglichene Hunde und ihre Menschen! &nbsp; In meinen Trainingsstunden, den Workshops und den Seminaren gehe ich daher individuell und ganzheitlich auf die jeweiligen rassespezifischen Besonderheiten, den Ausbildungsstand sowie die Bed\u00fcrfnisse der verschiedenen Mensch-Hund-Teams ein, und hole jeden Einzelnen dort ab, wo er gerade mit seinem Hund steht. &nbsp; Ich biete Fachkompetenz gepaart mit Herz, Gef\u00fchl und Empathie aus einer Hand\u2026 und begleite Sie und Ihren Hund gerne auf Ihrem ganz pers\u00f6nlichen Weg! &nbsp; ______________________________________________________________________________________________ &nbsp;<\/p>\n","protected":false},"author":1,"featured_media":0,"parent":0,"menu_order":0,"comment_status":"closed","ping_status":"closed","template":"","meta":{"footnotes":""},"yoast_head":"<!-- This site is optimized with the Yoast SEO plugin v21.9.1 - https:\/\/yoast.com\/wordpress\/plugins\/seo\/ -->\n<title>Meine Philosophie und Arbeitsweise - B\u00fcndnis Hund<\/title>\n<meta name=\"robots\" content=\"index, follow, max-snippet:-1, max-image-preview:large, max-video-preview:-1\" \/>\n<link rel=\"canonical\" href=\"https:\/\/buendnis-hund.de\/?page_id=27\" \/>\n<meta property=\"og:locale\" content=\"de_DE\" \/>\n<meta property=\"og:type\" content=\"article\" \/>\n<meta property=\"og:title\" content=\"Meine Philosophie und Arbeitsweise - B\u00fcndnis Hund\" \/>\n<meta property=\"og:description\" content=\"&nbsp; Wenn aus Leidenschaft . . . \u00a0Berufung wird! &nbsp; Pers\u00f6nlich ist es mir ein sehr gro\u00dfes Anliegen, fundiertes und vielseitiges Wissen an meine Trainingsteilnehmer weiterzugeben, damit jeder die Entwicklung eigener Wege in der Arbeitsweise und dem Umgang mit seinem Hund f\u00fcr sich erkennen kann und das Training vor allem sinnvoll, fair und respektvoll gestalten lernt.\u00a0 &nbsp; Denn je passender ein Training auf die individuellen Ziele und Bed\u00fcrfnisse aller Beteiligten \u2013 also auf Mensch und Hund \u2013 zugeschnitten ist, desto nachhaltiger ist seine Wirkung! &nbsp; &nbsp; Meine Erfahrungen in der Arbeit mit Mensch und Hund seit 2005 haben mich gelehrt, dass es den einen richtigen Weg nicht gibt!\u00a0Aus diesem Grund bilde ich mich regelm\u00e4\u00dfig bei verschiedenen Vortr\u00e4gen, Workshops und anerkannten Fachseminaren weiter, bin offen f\u00fcr neue und andere Wege und versuche immer wieder auch \u00fcber meinen eigenen Tellerrand zu schauen.\u00a0 &nbsp; Nur dies erm\u00f6glicht es mir, bei der Begleitung der unterschiedlichsten\u00a0Mensch-Hund-Teams\u00a0flexibel, individuell und ganzheitlich auf\u00a0die Bed\u00fcrfnisse einzugehen\u00a0und f\u00fcr jedes Team einen eigenen gewinnbringenden Trainingsweg zu finden.\u00a0 &nbsp; Da nicht nur verschiedene Hundetypen, sondern ebenso die\u00a0unterschiedlichsten menschlichen\u00a0Charaktere bei mir trainieren,\u00a0arbeite ich immer mit verschiedenen Trainingsans\u00e4tzen,\u00a0die angepasst an das jeweilige Team diverse L\u00f6sungsm\u00f6glichkeiten\u00a0oder auch m\u00f6gliches Problemverhalten aufzeigen.\u00a0 &nbsp; In den letzten Jahren habe ich dabei immer wieder festgestellt, dass es aber neben all\u00a0der Vermittlung des n\u00f6tigen Grundverst\u00e4ndnisses von Verhalten und K\u00f6rpersprache,\u00a0der Technik sowie dem richtigen Timing \u2013 besonders auf die bewussten und unbewussten\u00a0Signale zwischen Mensch und Hund ankommt.\u00a0 &nbsp; &nbsp; Gerade das Erkennung und Beobachten dieser Signale ist unerl\u00e4sslich\u00a0beim klaren Aufbau einer verst\u00e4ndlichen und verl\u00e4sslichen Kommunikation,\u00a0die auf Sicherheit und gegenseitigem Vertrauen basiert.\u00a0 &nbsp; \u00a0 \u00a0 \u00a0 \u00a0 \u00a0 \u00a0 \u00a0 \u00a0 \u00a0 \u00a0 \u00a0 \u00a0 \u00a0 \u00a0 \u00a0 \u00a0 \u00a0 \u00a0 \u00a0 \u00a0 \u00a0 \u00a0 \u00a0 \u00a0 \u00a0 \u00a0 \u00a0 \u00a0 \u00a0 Denn: &#8218;Wer einen feinf\u00fchligen und aufmerksamen Hund haben m\u00f6chte, der muss selbst feinf\u00fchlig und aufmerksam mit ihm umgehen!&#8216; &nbsp; Wenn der Menschen also wahrnimmt, dass er auch Emotionen, Gef\u00fchle, Einstellungen und Absichten \u00fcber diesen Austausch mit seinem Hund beeinflussen und steuern kann, dann entsteht eine unsichtbare Dynamik, die oftmals ganz entscheidend f\u00fcr Ver\u00e4nderung ist.\u00a0 &nbsp; Aus diesem Grund ist es mir unheimlich wichtig, dass der Menschen den Hund mit all seinen Facetten und Wesensz\u00fcgen kennen und lesen lernt und ihm dadurch eine sinnvolle und effektive Arbeitsweise sowie ein harmonischer und artgerechter Umgang mit seinem Vierbeiner vermittelt werden kann.\u00a0 &nbsp; Denn wenn wir wollen, dass uns unser Hund sein ganzes Potenzial schenkt, dann m\u00fcssen wir auch Raum f\u00fcr Pers\u00f6nlichkeit, Freiheit und Vertrauen schaffen und dieses nicht nur in einen angepassten Rahmen pressen, sondern es vor allem verantwortlich leiten und f\u00fchren lernen.\u00a0 &nbsp; Im Vordergrund steht hier ein stabiles soziales Fundament, welches die Basis f\u00fcr eine gute Beziehung und sichere Bindung zwischen Mensch und Hund bildet und Grundvoraussetzung f\u00fcr ein entspanntes und erfolgreiches Miteinander ist.\u00a0 &nbsp; Zus\u00e4tzlich soll gemeinsames Training beiden Seiten Spa\u00df machen und aus zwei Individuen ein Team formen, welches sich gegenseitig vertraut und versteht. Ziel sind lernfreudige, zufriedene und vor allem ausgeglichene Hunde und ihre Menschen! &nbsp; In meinen Trainingsstunden, den Workshops und den Seminaren gehe ich daher individuell und ganzheitlich auf die jeweiligen rassespezifischen Besonderheiten, den Ausbildungsstand sowie die Bed\u00fcrfnisse der verschiedenen Mensch-Hund-Teams ein, und hole jeden Einzelnen dort ab, wo er gerade mit seinem Hund steht. &nbsp; Ich biete Fachkompetenz gepaart mit Herz, Gef\u00fchl und Empathie aus einer Hand\u2026 und begleite Sie und Ihren Hund gerne auf Ihrem ganz pers\u00f6nlichen Weg! &nbsp; ______________________________________________________________________________________________ &nbsp;\" \/>\n<meta property=\"og:url\" content=\"https:\/\/buendnis-hund.de\/?page_id=27\" \/>\n<meta property=\"og:site_name\" content=\"B\u00fcndnis Hund\" \/>\n<meta property=\"article:modified_time\" content=\"2020-05-14T19:13:18+00:00\" \/>\n<meta name=\"twitter:card\" content=\"summary_large_image\" \/>\n<meta name=\"twitter:label1\" content=\"Gesch\u00e4tzte Lesezeit\" \/>\n\t<meta name=\"twitter:data1\" content=\"3\u00a0Minuten\" \/>\n<script type=\"application\/ld+json\" class=\"yoast-schema-graph\">{\"@context\":\"https:\/\/schema.org\",\"@graph\":[{\"@type\":\"WebPage\",\"@id\":\"https:\/\/buendnis-hund.de\/?page_id=27\",\"url\":\"https:\/\/buendnis-hund.de\/?page_id=27\",\"name\":\"Meine Philosophie und Arbeitsweise - B\u00fcndnis Hund\",\"isPartOf\":{\"@id\":\"https:\/\/buendnis-hund.de\/#website\"},\"datePublished\":\"2020-01-11T20:02:09+00:00\",\"dateModified\":\"2020-05-14T19:13:18+00:00\",\"breadcrumb\":{\"@id\":\"https:\/\/buendnis-hund.de\/?page_id=27#breadcrumb\"},\"inLanguage\":\"de\",\"potentialAction\":[{\"@type\":\"ReadAction\",\"target\":[\"https:\/\/buendnis-hund.de\/?page_id=27\"]}]},{\"@type\":\"BreadcrumbList\",\"@id\":\"https:\/\/buendnis-hund.de\/?page_id=27#breadcrumb\",\"itemListElement\":[{\"@type\":\"ListItem\",\"position\":1,\"name\":\"Startseite\",\"item\":\"https:\/\/buendnis-hund.de\/\"},{\"@type\":\"ListItem\",\"position\":2,\"name\":\"Meine Philosophie und Arbeitsweise\"}]},{\"@type\":\"WebSite\",\"@id\":\"https:\/\/buendnis-hund.de\/#website\",\"url\":\"https:\/\/buendnis-hund.de\/\",\"name\":\"B\u00fcndnis Hund\",\"description\":\"\",\"potentialAction\":[{\"@type\":\"SearchAction\",\"target\":{\"@type\":\"EntryPoint\",\"urlTemplate\":\"https:\/\/buendnis-hund.de\/?s={search_term_string}\"},\"query-input\":\"required name=search_term_string\"}],\"inLanguage\":\"de\"}]}<\/script>\n<!-- \/ Yoast SEO plugin. -->","yoast_head_json":{"title":"Meine Philosophie und Arbeitsweise - B\u00fcndnis Hund","robots":{"index":"index","follow":"follow","max-snippet":"max-snippet:-1","max-image-preview":"max-image-preview:large","max-video-preview":"max-video-preview:-1"},"canonical":"https:\/\/buendnis-hund.de\/?page_id=27","og_locale":"de_DE","og_type":"article","og_title":"Meine Philosophie und Arbeitsweise - B\u00fcndnis Hund","og_description":"&nbsp; Wenn aus Leidenschaft . . . \u00a0Berufung wird! &nbsp; Pers\u00f6nlich ist es mir ein sehr gro\u00dfes Anliegen, fundiertes und vielseitiges Wissen an meine Trainingsteilnehmer weiterzugeben, damit jeder die Entwicklung eigener Wege in der Arbeitsweise und dem Umgang mit seinem Hund f\u00fcr sich erkennen kann und das Training vor allem sinnvoll, fair und respektvoll gestalten lernt.\u00a0 &nbsp; Denn je passender ein Training auf die individuellen Ziele und Bed\u00fcrfnisse aller Beteiligten \u2013 also auf Mensch und Hund \u2013 zugeschnitten ist, desto nachhaltiger ist seine Wirkung! &nbsp; &nbsp; Meine Erfahrungen in der Arbeit mit Mensch und Hund seit 2005 haben mich gelehrt, dass es den einen richtigen Weg nicht gibt!\u00a0Aus diesem Grund bilde ich mich regelm\u00e4\u00dfig bei verschiedenen Vortr\u00e4gen, Workshops und anerkannten Fachseminaren weiter, bin offen f\u00fcr neue und andere Wege und versuche immer wieder auch \u00fcber meinen eigenen Tellerrand zu schauen.\u00a0 &nbsp; Nur dies erm\u00f6glicht es mir, bei der Begleitung der unterschiedlichsten\u00a0Mensch-Hund-Teams\u00a0flexibel, individuell und ganzheitlich auf\u00a0die Bed\u00fcrfnisse einzugehen\u00a0und f\u00fcr jedes Team einen eigenen gewinnbringenden Trainingsweg zu finden.\u00a0 &nbsp; Da nicht nur verschiedene Hundetypen, sondern ebenso die\u00a0unterschiedlichsten menschlichen\u00a0Charaktere bei mir trainieren,\u00a0arbeite ich immer mit verschiedenen Trainingsans\u00e4tzen,\u00a0die angepasst an das jeweilige Team diverse L\u00f6sungsm\u00f6glichkeiten\u00a0oder auch m\u00f6gliches Problemverhalten aufzeigen.\u00a0 &nbsp; In den letzten Jahren habe ich dabei immer wieder festgestellt, dass es aber neben all\u00a0der Vermittlung des n\u00f6tigen Grundverst\u00e4ndnisses von Verhalten und K\u00f6rpersprache,\u00a0der Technik sowie dem richtigen Timing \u2013 besonders auf die bewussten und unbewussten\u00a0Signale zwischen Mensch und Hund ankommt.\u00a0 &nbsp; &nbsp; Gerade das Erkennung und Beobachten dieser Signale ist unerl\u00e4sslich\u00a0beim klaren Aufbau einer verst\u00e4ndlichen und verl\u00e4sslichen Kommunikation,\u00a0die auf Sicherheit und gegenseitigem Vertrauen basiert.\u00a0 &nbsp; \u00a0 \u00a0 \u00a0 \u00a0 \u00a0 \u00a0 \u00a0 \u00a0 \u00a0 \u00a0 \u00a0 \u00a0 \u00a0 \u00a0 \u00a0 \u00a0 \u00a0 \u00a0 \u00a0 \u00a0 \u00a0 \u00a0 \u00a0 \u00a0 \u00a0 \u00a0 \u00a0 \u00a0 \u00a0 Denn: &#8218;Wer einen feinf\u00fchligen und aufmerksamen Hund haben m\u00f6chte, der muss selbst feinf\u00fchlig und aufmerksam mit ihm umgehen!&#8216; &nbsp; Wenn der Menschen also wahrnimmt, dass er auch Emotionen, Gef\u00fchle, Einstellungen und Absichten \u00fcber diesen Austausch mit seinem Hund beeinflussen und steuern kann, dann entsteht eine unsichtbare Dynamik, die oftmals ganz entscheidend f\u00fcr Ver\u00e4nderung ist.\u00a0 &nbsp; Aus diesem Grund ist es mir unheimlich wichtig, dass der Menschen den Hund mit all seinen Facetten und Wesensz\u00fcgen kennen und lesen lernt und ihm dadurch eine sinnvolle und effektive Arbeitsweise sowie ein harmonischer und artgerechter Umgang mit seinem Vierbeiner vermittelt werden kann.\u00a0 &nbsp; Denn wenn wir wollen, dass uns unser Hund sein ganzes Potenzial schenkt, dann m\u00fcssen wir auch Raum f\u00fcr Pers\u00f6nlichkeit, Freiheit und Vertrauen schaffen und dieses nicht nur in einen angepassten Rahmen pressen, sondern es vor allem verantwortlich leiten und f\u00fchren lernen.\u00a0 &nbsp; Im Vordergrund steht hier ein stabiles soziales Fundament, welches die Basis f\u00fcr eine gute Beziehung und sichere Bindung zwischen Mensch und Hund bildet und Grundvoraussetzung f\u00fcr ein entspanntes und erfolgreiches Miteinander ist.\u00a0 &nbsp; Zus\u00e4tzlich soll gemeinsames Training beiden Seiten Spa\u00df machen und aus zwei Individuen ein Team formen, welches sich gegenseitig vertraut und versteht. Ziel sind lernfreudige, zufriedene und vor allem ausgeglichene Hunde und ihre Menschen! &nbsp; In meinen Trainingsstunden, den Workshops und den Seminaren gehe ich daher individuell und ganzheitlich auf die jeweiligen rassespezifischen Besonderheiten, den Ausbildungsstand sowie die Bed\u00fcrfnisse der verschiedenen Mensch-Hund-Teams ein, und hole jeden Einzelnen dort ab, wo er gerade mit seinem Hund steht. &nbsp; Ich biete Fachkompetenz gepaart mit Herz, Gef\u00fchl und Empathie aus einer Hand\u2026 und begleite Sie und Ihren Hund gerne auf Ihrem ganz pers\u00f6nlichen Weg! &nbsp; ______________________________________________________________________________________________ &nbsp;","og_url":"https:\/\/buendnis-hund.de\/?page_id=27","og_site_name":"B\u00fcndnis Hund","article_modified_time":"2020-05-14T19:13:18+00:00","twitter_card":"summary_large_image","twitter_misc":{"Gesch\u00e4tzte Lesezeit":"3\u00a0Minuten"},"schema":{"@context":"https:\/\/schema.org","@graph":[{"@type":"WebPage","@id":"https:\/\/buendnis-hund.de\/?page_id=27","url":"https:\/\/buendnis-hund.de\/?page_id=27","name":"Meine Philosophie und Arbeitsweise - B\u00fcndnis Hund","isPartOf":{"@id":"https:\/\/buendnis-hund.de\/#website"},"datePublished":"2020-01-11T20:02:09+00:00","dateModified":"2020-05-14T19:13:18+00:00","breadcrumb":{"@id":"https:\/\/buendnis-hund.de\/?page_id=27#breadcrumb"},"inLanguage":"de","potentialAction":[{"@type":"ReadAction","target":["https:\/\/buendnis-hund.de\/?page_id=27"]}]},{"@type":"BreadcrumbList","@id":"https:\/\/buendnis-hund.de\/?page_id=27#breadcrumb","itemListElement":[{"@type":"ListItem","position":1,"name":"Startseite","item":"https:\/\/buendnis-hund.de\/"},{"@type":"ListItem","position":2,"name":"Meine Philosophie und Arbeitsweise"}]},{"@type":"WebSite","@id":"https:\/\/buendnis-hund.de\/#website","url":"https:\/\/buendnis-hund.de\/","name":"B\u00fcndnis Hund","description":"","potentialAction":[{"@type":"SearchAction","target":{"@type":"EntryPoint","urlTemplate":"https:\/\/buendnis-hund.de\/?s={search_term_string}"},"query-input":"required name=search_term_string"}],"inLanguage":"de"}]}},"acf":[],"_links":{"self":[{"href":"https:\/\/buendnis-hund.de\/index.php?rest_route=\/wp\/v2\/pages\/27"}],"collection":[{"href":"https:\/\/buendnis-hund.de\/index.php?rest_route=\/wp\/v2\/pages"}],"about":[{"href":"https:\/\/buendnis-hund.de\/index.php?rest_route=\/wp\/v2\/types\/page"}],"author":[{"embeddable":true,"href":"https:\/\/buendnis-hund.de\/index.php?rest_route=\/wp\/v2\/users\/1"}],"replies":[{"embeddable":true,"href":"https:\/\/buendnis-hund.de\/index.php?rest_route=%2Fwp%2Fv2%2Fcomments&post=27"}],"version-history":[{"count":114,"href":"https:\/\/buendnis-hund.de\/index.php?rest_route=\/wp\/v2\/pages\/27\/revisions"}],"predecessor-version":[{"id":2093,"href":"https:\/\/buendnis-hund.de\/index.php?rest_route=\/wp\/v2\/pages\/27\/revisions\/2093"}],"wp:attachment":[{"href":"https:\/\/buendnis-hund.de\/index.php?rest_route=%2Fwp%2Fv2%2Fmedia&parent=27"}],"curies":[{"name":"wp","href":"https:\/\/api.w.org\/{rel}","templated":true}]}}